u be 1*c*3/(-6). Let l = u - -33. What is the units digit of l?
8
Let b = 8 - 10. Let f = b + 1. What is the units digit of ((-6)/12)/(f/32)?
6
Let c be (-45)/(-10)*(-2)/(-3). Suppose -6*i + c*i + 96 = 0. Suppose -4*s + 5*f + i = 0, 4*s + 5*f - 72 = -0*f. What is the units digit of s?
3
Let v = 9 + -3. Let u be (4/v)/(24/756). Suppose -2*r + u = -29. What is the units digit of r?
5
Let j = 5165 - 3505. What is the tens digit of j?
6
Let c = 645 - -46. What is the tens digit of c?
9
Let i(v) = -13*v + 16. Let y(c) = 207*c - 255. Let p(d) = -33*i(d) - 2*y(d). What is the units digit of p(11)?
7
Suppose -36572 = w - 42*w. What is the hundreds digit of w?
8
Let b be 199/(((-6)/12)/(1/(-1))). Suppose 3*j + y - b = 0, -j - 2*j - 3*y + 408 = 0. What is the tens digit of j?
3
Let n(m) = -5*m - 1. Let j be n(-1). Let r be 4 + (8/(-2))/j. Suppose -2*c = r*k - 10, 0*k + 10 = 2*c - 5*k. What is the units digit of c?
5
Suppose 3*u = 3*g + 99, 0*u - 5*g = 2*u - 45. Let o = u + -32. What is the units digit of o/(-3) - (-960)/18?
4
Let u = 29 + -18. Suppose m = 2*v - v - 14, -v = 4*m + u. Let g = 11 - v. What is the units digit of g?
2
Suppose k + n = 4*k - 8, 4*k - 4*n = 0. Suppose -b = -k*y - 21, -2*y - 12 = -4*b - 4*y. What is the units digit of (-4 + b)*(-3)/(-1)?
3
Let r = -43 - -116. Suppose -d + r - 22 = 0. What is the tens digit of d?
5
Suppose -k = -0*k - 2. What is the tens digit of (k - -24) + -3 + 5?
2
Let a(x) = x - 1. Let d be a(5). Suppose -5*k + 141 = -h, -23 = -3*k + d*h + 65. What is the units digit of k?
8
Suppose 2*r - 4*r + 418 = 0. Suppose -4*c + 865 = r. What is the units digit of c?
4
Let l = 59 - -1450. What is the hundreds digit of l?
5
Let r(x) = -x**2 + x. Let l(q) = 5*q**2 - 7*q + 6. Let o(y) = l(y) + 4*r(y). Suppose 0 = -5*w + 40 - 5. What is the tens digit of o(w)?
3
Let o(a) = -7*a - 25. Suppose d - 23 = 2*g - 0*g, -2*g + 4*d = 26. What is the tens digit of o(g)?
5
Suppose g = -5*m + 34 + 15, -3*g + 2*m + 147 = 0. Let i = 22 + g. What is the tens digit of i?
7
Let i(b) = -b**2 + 18*b - 25. Let x be ((-2)/(-2))/(((-3)/(-45))/1). What is the units digit of i(x)?
0
Suppose 0 = 3*h + 5*f - 2414 - 368, 0 = 2*h - 2*f - 1844. What is the hundreds digit of h?
9
Let i(f) = f**2 - 3*f - 6. Let d be i(5). Suppose 4*t = 4*g - 0*t - 68, -2*g + 28 = d*t. What is the tens digit of g?
1
Suppose -4*x + 4030 = 3*j, -j + 413 = 5*x - 4619. What is the thousands digit of x?
1
Let z(n) = n**3 + 14*n**2 + 31*n + 16. Let b be z(-12). Let x = b - -101. What is the tens digit of x?
3
Let h(b) = -b**3 - 2*b**2 + 3*b + 4. Let n be h(-3). Let q be 2/(n/2006)*-1. What is the tens digit of q/(-51) + 2/(-3)?
1
Let j(h) be the first derivative of 5*h**2 - 7*h - 9. Let u be j(7). Suppose -4*z - u = -7*z. What is the tens digit of z?
2
Let g be 16/6 - 2/(-6). Suppose -5*a = -5*o - 280, 0 = g*a - 5*o + o - 164. What is the units digit of a?
0
Let i = -20 - -53. Suppose -o + i = 2*f, -3*f + o = -3*o - 44. What is the units digit of f?
6
Let s(m) = m + 3. Let a be s(0). Suppose 16 = 4*n - 2*t, -3*t + 1 + a = n. Suppose -4*g + 29 - 9 = 0, n*g = -2*u + 32. What is the units digit of u?
6
Suppose 4*z - 22 = -2*a, 0 = 4*z - 9*z + 3*a. What is the units digit of z?
3
Suppose 561 = 4*d - 967. What is the hundreds digit of d?
3
Suppose -4*s + 2*s + 62 = 4*n, -3*s + 57 = 4*n. What is the tens digit of ((-44)/6)/(n/(-297))?
2
Suppose -410 = -5*c + 205. Let j = c + 53. What is the units digit of j?
6
Let j(u) be the second derivative of -u**3/6 + 35*u**2/2 - 9*u. What is the tens digit of j(14)?
2
Let i(k) be the third derivative of -k**6/120 - k**5/60 + k**4/24 + 65*k**3/6 - 8*k**2. What is the units digit of i(0)?
5
Let a(g) = 7*g**2 + 18*g + 59. What is the hundreds digit of a(-7)?
2
Let b be (-59)/2*(-14)/7. Suppose b = 5*g - 31. What is the tens digit of g?
1
Let j(g) = -2*g**3 - 16*g**2 - 15*g - 1. What is the tens digit of j(-8)?
1
Suppose 97 = 5*y - 1423. What is the units digit of y?
4
Let b(v) = -v**2 - v + 10. Let p be b(0). Let c = 57 - p. What is the tens digit of c?
4
Let r(q) = 6*q**2 + 0*q**2 + 8*q - 30 + q**3 + 8*q**2. What is the tens digit of r(-13)?
3
Let n be (-145)/20 + (-3)/4. Let l = -11 - -24. Let u = l + n. What is the units digit of u?
5
Let z be (-993)/3 + (-3 - -1). Let p = z + 521. What is the tens digit of p?
8
Let n(v) = 2*v**2 - 6*v + 3. Let m be n(3). Suppose 0 = -2*y + 10, -m*t + 2*y + 27 = -128. What is the units digit of t?
5
Suppose 2*p = 3*o + 1053, -8*o + 559 = p - 3*o. Let w = 810 - p. What is the units digit of w?
6
Let m = 571 + -313. What is the units digit of m?
8
Let r(u) be the second derivative of u**5/20 - 5*u**4/6 + 3*u**3/2 - u**2/2 - u. Let h be r(7). Let v = -51 - h. What is the tens digit of v?
3
Suppose -2*t + 0*u - 8 = -4*u, -5*t + 10 = 5*u. Suppose t = a + 2*a + 42. What is the units digit of 56/12*(-12)/a?
4
Suppose -3*r + 7*r = 0. Suppose r*n - 2*n - 5*l + 75 = 0, 0 = 5*n + 3*l - 216. What is the units digit of n?
5
Suppose -2*b - 21 = -7*b - 4*w, 4*w = -4. Suppose 3*n = 9, b + 10 = -3*q - 5*n. What is the units digit of 105/q*2/(-3)?
7
Let f(l) = 53*l**2 - 28*l + 265. What is the hundreds digit of f(7)?
6
Suppose -4*k = -16, 4*c = -4*k + 770 + 742. What is the hundreds digit of c?
3
Let d(g) = 32*g**2 - 10*g + 50. What is the units digit of d(8)?
8
Let z(x) = x**3 + 4*x**2 - 4*x + 7. Let q be z(-5). Suppose 4*m + 25 = 3*h, q*h = -3*h + 2*m + 23. Suppose -h*l + 2 = -61. What is the units digit of l?
1
Let z(g) = -g**3 + 3*g**2 + 2*g - 4. Let n be z(3). Suppose 4*a = 4*f + 92, -3*f = n*f + a + 127. What is the tens digit of (-96)/(-5) - (-5)/f?
1
Suppose 0 = -3*m + x + 3, 6*m - 3*m - 4*x = 12. Suppose m = 13*l - 18*l. Suppose 10 = -2*o, y - 2*o + 0*o - 28 = l. What is the tens digit of y?
1
Suppose -j - 72 = 3*j. Let d(i) = -i**3 + 2*i**2 + 4*i - 9. Let y be d(4). Let z = j - y. What is the units digit of z?
7
Let p = 291 - -172. What is the tens digit of p?
6
Let o = -244 - -169. Let x = o - -106. What is the tens digit of x?
3
Suppose 250 + 765 = 7*l. What is the hundreds digit of l?
1
What is the hundreds digit of (-2)/33*3 + 5832/11?
5
Suppose 54*q - 49*q = 710. What is the tens digit of q?
4
Let s(y) = 17*y**2 - 9*y - 27. Let o be s(-8). Suppose -o = -10*z - z. What is the hundreds digit of z?
1
Suppose -1003*h + 9708 = -997*h. What is the units digit of h?
8
Suppose -2*y + 740 = -1186. What is the tens digit of y?
6
Let v = 1116 - 426. What is the units digit of v?
0
Let c(u) = 40*u + 15. Let a be c(10). Suppose -a = -4*m - 5*d, -4*d + 312 = 3*m - 0*d. Suppose -3*z = z - m. What is the tens digit of z?
2
Let x = 10 - 8. Suppose 0 = -x*k + 3*k - d - 4, -2*d = -k + 8. What is the units digit of (1 + 0)*(k - -1)?
1
Let b(s) = s**3 + 12*s**2 + 19*s + 2. Let t be b(-10). What is the tens digit of t/7*777/6?
2
Let f be -4 + (-16)/(-4) - -2. Suppose 6*m + 109 = 7*m + f*b, 0 = 3*m - 5*b - 283. What is the hundreds digit of m?
1
Suppose -3*u = 31 - 85. Suppose -4*z - 3*w + 48 = 0, z - 7 - 5 = -5*w. Let o = u - z. What is the units digit of o?
6
Let h(m) = -3*m + 4. Suppose 0 = 3*i + o - 60, 0*o - 5*o - 80 = -4*i. Suppose i = -4*f - 20. What is the tens digit of h(f)?
3
What is the thousands digit of 174*(-27)/(405/(-400))?
4
Let s = 2232 - 1502. What is the tens digit of s?
3
Let h(x) = -x + 7. Suppose -4*z + 65 = 185. Let d be (z/40)/((-1)/4). What is the units digit of h(d)?
4
Let c(h) = 138*h**2 + 1. Let z be c(1). Let n = z + 35. Suppose -v = -4*v + n. What is the units digit of v?
8
Let c = 13 + -9. Suppose -c*a - 10 = 14. Let w = a - -14. What is the units digit of w?
8
Let b = 79 - -66. What is the hundreds digit of b?
1
Let w = -70 - -55. What is the tens digit of w/(-12)*2*34?
8
Let y(f) = f**3 + 17*f**2 + 8*f + 11. What is the units digit of y(-14)?
7
Let a(x) = -13*x - 16. Let p be a(-8). What is the units digit of -3 + p - 3/3?
4
Suppose 15 = p + 2*l, -2*l = 4*p - p - 25. Suppose 15 = -p*k - 3*g, -5*g - 3 = k - 0*g. Let m(q) = -9*q - 1. What is the units digit of m(k)?
6
Suppose -1980 = -3*z - 3*z. What is the tens digit of z?
3
Let h be -172*(0 - 5/(-10)). Let w = 4 - h. What is the tens digit of w?
9
Suppose 0 = -6*u + 4*u + 4. What is the units digit of 9/4*(14 - u)?
7
Suppose -4*k - 3*c - 11 = 2*c, 2